{"id":1194,"date":"2013-09-03T12:39:41","date_gmt":"2013-09-03T10:39:41","guid":{"rendered":"http:\/\/impreza.us-themes.net\/pages\/team\/"},"modified":"2020-08-14T18:04:54","modified_gmt":"2020-08-14T16:04:54","slug":"team","status":"publish","type":"page","link":"https:\/\/www.redcarpetforall.org\/wp\/home\/team\/","title":{"rendered":"Il nostro team"},"content":{"rendered":"<section class=\"l-section wpb_row height_custom type_sticky\"><div class=\"l-section-h i-cf\"><div class=\"g-cols vc_row type_default valign_top\"><div class=\"vc_col-sm-1 wpb_column vc_column_container animate_afl\" style=\"animation-delay:1s\"><div class=\"vc_column-inner type_sticky\"><div class=\"wpb_wrapper\"><div class=\"w-iconbox iconpos_top style_circle color_primary align_center no_title no_text\"><div class=\"w-iconbox-icon\"><i class=\"fas fa-arrow-circle-right\"><\/i><\/div><div class=\"w-iconbox-meta\"><\/div><\/div><div class=\"w-separator size_medium\"><\/div><\/div><\/div><\/div><div class=\"vc_col-sm-11 wpb_column vc_column_container\"><div class=\"vc_column-inner\"><div class=\"wpb_wrapper\"><div class=\"wpb_text_column\" ><div class=\"wpb_wrapper\"><p><strong>Red carpet for all <\/strong>\u00e8 un\u2019associazione di promozione sociale nate per:<\/p>\n<p>Offrire pratiche di cittadinanza attiva alle persone a rischio di esclusione a causa della loro condizione sociale, di salute, di et\u00e0 ecc.<\/p>\n<p><strong>Red Carpet For All<\/strong> opera per la costruzione di una comunit\u00e0 inclusiva che sappia dare il benvenuto ed accogliere ogni persona nel rispetto della sue differenze, valorizzandone le capacit\u00e0 ed il contributo.<\/p>\n<p><strong>Red Carpet For All<\/strong>\u00a0 si occupa di lavorare con le persone in modo individuale; con la comunit\u00e0 ed il territorio; con i servizi sociali e culturali, nell\u2019ottica che la promozione dei diritti\u00a0 di cittadinanza e dell\u2019inclusione richieda di agire nelle 3 direzioni (personale, sociale, politico-culturale) in modo interconnesso e con la prospettiva di una mutua influenza.<\/p>\n<p>Le aree in cui l\u2019associazione prester\u00e0 la sua opera sono:<br \/>\n\u2022inclusione sociale attraverso progetti centrati sulla persona tesi alla valorizzazione di ognuno, all\u2019ascolto e supporto alla realizzazione di progetti di vita fondati sulle capacit\u00e0, l\u2019appartenenza alla comunit\u00e0, la realizzazione personale.<br \/>\n\u2022Offerta di supporto alle persone che presentano fragilit\u00e0 e isolamento a causa della loro condizione, finalizzato alla costruzione di amicizie e reti sociali, alla valorizzazione del proprio ruolo sociale anche attraverso percorsi formativi, progetti ricreativi, sviluppo di opportunit\u00e0 di lavoro, la ricerca di un luogo in cui vivere e del modo di apportare il proprio contributo attraverso il volontariato.<br \/>\n\u2022Promozione di azioni di advocacy per rendere udibile la voce delle persone che faticano a farsi sentire e conoscere.<br \/>\n\u2022Sostegno alle famiglie in condizione di isolamento e riduzione del reddito a causa delle azioni di cura verso il congiunto in difficolt\u00e0, in particolare per disabilit\u00e0, patologia cronica ed et\u00e0 avanzata.<br \/>\n\u2022Attivazione di processi di mappatura della comunit\u00e0 alla ricerca di situazioni esistenti nelle quali costruire inclusione sociale.<br \/>\n\u2022Realizzazione di eventi, manifestazioni pubbliche ed occasioni di socializzazione dirette alla \u201ccostruzione di comunit\u00e0 inclusive\u201d.<br \/>\n\u2022Elaborazione, autonomamente o su incarico di enti pubblici ed organismi privati, di studi e ricerche, progetti, realizzazione di interventi o strutture utili per realizzare le finalit\u00e0 di cui ai punti precedenti.<br \/>\n\u2022Promozione di azioni educative e formative finalizzate alla diffusione di \u201cbuone pratiche\u201d rivolte a scuole, enti ed organizzazioni che accolgono o intendano accogliere persone a rischio di emarginazione \/ discriminazione.<br \/>\n\u2022Organizzazione di convegni, corsi, mostre, attivit\u00e0 culturali, viaggi di studio, attivit\u00e0 turistiche e produzione di materiale audiovisivo e\/o multimediale o quant\u2019altro sia utile a favorire la diffusione delle pratiche inclusive e favorire la circolazione della conoscenza e gli scambi internazionali, interculturali e transgenerazionali.<br \/>\n\u2022Pubblicazione di materiali periodici e non, utili per realizzare le finalit\u00e0 di cui ai punti precedenti.<br \/>\n\u2022Collaborazione con altre associazione, fondazioni ed organizzazioni che si muovono sulla promozione dei diritti umani.<\/p>\n<\/div><\/div><\/div><\/div><\/div><\/div><\/div><\/section>\n","protected":false},"excerpt":{"rendered":"Red carpet for all \u00e8 un\u2019associazione di promozione sociale nate per: Offrire pratiche di cittadinanza attiva alle persone a rischio di esclusione a causa della loro condizione sociale, di salute, di et\u00e0 ecc. Red Carpet For All opera per la costruzione di una comunit\u00e0 inclusiva che sappia dare il benvenuto ed accogliere ogni persona nel...","protected":false},"author":1,"featured_media":0,"parent":6635,"menu_order":0,"comment_status":"closed","ping_status":"closed","template":"","meta":[],"_links":{"self":[{"href":"https:\/\/www.redcarpetforall.org\/wp\/wp-json\/wp\/v2\/pages\/1194"}],"collection":[{"href":"https:\/\/www.redcarpetforall.org\/wp\/wp-json\/wp\/v2\/pages"}],"about":[{"href":"https:\/\/www.redcarpetforall.org\/wp\/wp-json\/wp\/v2\/types\/page"}],"author":[{"embeddable":true,"href":"https:\/\/www.redcarpetforall.org\/wp\/wp-json\/wp\/v2\/users\/1"}],"replies":[{"embeddable":true,"href":"https:\/\/www.redcarpetforall.org\/wp\/wp-json\/wp\/v2\/comments?post=1194"}],"version-history":[{"count":11,"href":"https:\/\/www.redcarpetforall.org\/wp\/wp-json\/wp\/v2\/pages\/1194\/revisions"}],"predecessor-version":[{"id":7842,"href":"https:\/\/www.redcarpetforall.org\/wp\/wp-json\/wp\/v2\/pages\/1194\/revisions\/7842"}],"up":[{"embeddable":true,"href":"https:\/\/www.redcarpetforall.org\/wp\/wp-json\/wp\/v2\/pages\/6635"}],"wp:attachment":[{"href":"https:\/\/www.redcarpetforall.org\/wp\/wp-json\/wp\/v2\/media?parent=1194"}],"curies":[{"name":"wp","href":"https:\/\/api.w.org\/{rel}","templated":true}]}}

<section class="l-section wpb_row height_custom type_sticky"><div class="l-section-h i-cf"><div class="g-cols vc_row type_default valign_top"><div class="vc_col-sm-1 wpb_column vc_column_container animate_afl" style="animation-delay:1s"><div class="vc_column-inner type_sticky"><div class="wpb_wrapper"><div class="w-iconbox iconpos_top style_circle color_primary align_center no_title no_text"><div class="w-iconbox-icon"><i class="fas fa-arrow-circle-right"></i></div><div class="w-iconbox-meta"></div></div><div class="w-separator size_medium"></div></div></div></div><div class="vc_col-sm-11 wpb_column vc_column_container"><div class="vc_column-inner"><div class="wpb_wrapper"><div class="wpb_text_column" ><div class="wpb_wrapper"><p><strong>Red carpet for all </strong>è un’associazione di promozione sociale nate per:</p>
<p>Offrire pratiche di cittadinanza attiva alle persone a rischio di esclusione a causa della loro condizione sociale, di salute, di età ecc.</p>
<p><strong>Red Carpet For All</strong> opera per la costruzione di una comunità inclusiva che sappia dare il benvenuto ed accogliere ogni persona nel rispetto della sue differenze, valorizzandone le capacità ed il contributo.</p>
<p><strong>Red Carpet For All</strong>  si occupa di lavorare con le persone in modo individuale; con la comunità ed il territorio; con i servizi sociali e culturali, nell’ottica che la promozione dei diritti  di cittadinanza e dell’inclusione richieda di agire nelle 3 direzioni (personale, sociale, politico-culturale) in modo interconnesso e con la prospettiva di una mutua influenza.</p>
<p>Le aree in cui l’associazione presterà la sua opera sono:<br />
•inclusione sociale attraverso progetti centrati sulla persona tesi alla valorizzazione di ognuno, all’ascolto e supporto alla realizzazione di progetti di vita fondati sulle capacità, l’appartenenza alla comunità, la realizzazione personale.<br />
•Offerta di supporto alle persone che presentano fragilità e isolamento a causa della loro condizione, finalizzato alla costruzione di amicizie e reti sociali, alla valorizzazione del proprio ruolo sociale anche attraverso percorsi formativi, progetti ricreativi, sviluppo di opportunità di lavoro, la ricerca di un luogo in cui vivere e del modo di apportare il proprio contributo attraverso il volontariato.<br />
•Promozione di azioni di advocacy per rendere udibile la voce delle persone che faticano a farsi sentire e conoscere.<br />
•Sostegno alle famiglie in condizione di isolamento e riduzione del reddito a causa delle azioni di cura verso il congiunto in difficoltà, in particolare per disabilità, patologia cronica ed età avanzata.<br />
•Attivazione di processi di mappatura della comunità alla ricerca di situazioni esistenti nelle quali costruire inclusione sociale.<br />
•Realizzazione di eventi, manifestazioni pubbliche ed occasioni di socializzazione dirette alla “costruzione di comunità inclusive”.<br />
•Elaborazione, autonomamente o su incarico di enti pubblici ed organismi privati, di studi e ricerche, progetti, realizzazione di interventi o strutture utili per realizzare le finalità di cui ai punti precedenti.<br />
•Promozione di azioni educative e formative finalizzate alla diffusione di “buone pratiche” rivolte a scuole, enti ed organizzazioni che accolgono o intendano accogliere persone a rischio di emarginazione / discriminazione.<br />
•Organizzazione di convegni, corsi, mostre, attività culturali, viaggi di studio, attività turistiche e produzione di materiale audiovisivo e/o multimediale o quant’altro sia utile a favorire la diffusione delle pratiche inclusive e favorire la circolazione della conoscenza e gli scambi internazionali, interculturali e transgenerazionali.<br />
•Pubblicazione di materiali periodici e non, utili per realizzare le finalità di cui ai punti precedenti.<br />
•Collaborazione con altre associazione, fondazioni ed organizzazioni che si muovono sulla promozione dei diritti umani.</p>
</div></div></div></div></div></div></div></section>

Red carpet for all è un’associazione di promozione sociale nate per: Offrire pratiche di cittadinanza attiva alle persone a rischio di esclusione a causa della loro condizione sociale, di salute, di età ecc. Red Carpet For All opera per la costruzione di una comunità inclusiva che sappia dare il benvenuto ed accogliere ogni persona nel...
